t is the highest common divisor of 61588 and 1958?
178
Calculate the highest common factor of 2951 and 26.
13
Calculate the greatest common factor of 415 and 16685.
5
Calculate the highest common factor of 9 and 1821.
3
Calculate the highest common factor of 3384 and 40.
8
What is the greatest common factor of 318 and 1166371?
53
Calculate the greatest common divisor of 714 and 62594.
238
What is the greatest common divisor of 122692 and 1776?
148
What is the highest common divisor of 9320 and 3040?
40
What is the highest common factor of 34535 and 20?
5
What is the highest common divisor of 93 and 12028?
31
Calculate the greatest common divisor of 59664 and 726.
66
Calculate the highest common divisor of 196 and 1588874.
98
Calculate the greatest common divisor of 10147 and 44480.
139
Calculate the highest common divisor of 135566 and 2.
2
Calculate the greatest common factor of 576228 and 62.
62
Calculate the greatest common factor of 28 and 882133.
7
What is the highest common factor of 211092 and 28?
28
Calculate the greatest common divisor of 1575 and 30513.
21
Calculate the highest common factor of 595 and 153680.
85
What is the greatest common factor of 568 and 45298?
142
Calculate the greatest common factor of 10747 and 4598.
11
What is the highest common divisor of 401 and 455937?
401
What is the greatest common divisor of 7 and 414603?
7
Calculate the greatest common divisor of 2736 and 55404.
684
Calculate the highest common factor of 111832 and 126.
14
What is the greatest common factor of 12 and 76086?
6
What is the greatest common divisor of 2939680 and 19?
19
Calculate the greatest common divisor of 99652 and 672.
28
What is the greatest common divisor of 10220 and 160?
20
What is the highest common divisor of 72 and 1004728?
8
What is the greatest common divisor of 8 and 13144?
8
Calculate the greatest common factor of 3132 and 4066119.
783
What is the greatest common factor of 1782 and 33792?
66
What is the greatest common factor of 20496 and 4536?
168
Calculate the greatest common factor of 989 and 181460.
43
What is the greatest common factor of 709386 and 274?
274
What is the highest common divisor of 1602156 and 114?
114
What is the highest common factor of 255 and 438702?
51
Calculate the highest common factor of 8603 and 1225.
7
What is the greatest common factor of 1249752 and 504?
168
Calculate the greatest common divisor of 6344 and 936.
104
What is the greatest common divisor of 25787 and 2169?
241
What is the greatest common divisor of 360 and 112968?
72
Calculate the highest common factor of 1073 and 851.
37
What is the highest common factor of 119 and 85008?
7
What is the greatest common factor of 1535 and 87188?
307
Calculate the highest common divisor of 16 and 82340.
4
Calculate the highest common factor of 4607 and 45799.
271
Calculate the greatest common divisor of 132 and 7403.
11
Calculate the greatest common factor of 179824 and 144.
16
What is the greatest common divisor of 2240 and 34096?
16
What is the greatest common factor of 657 and 333?
9
Calculate the highest common factor of 5607 and 9.
9
Calculate the greatest common factor of 3657 and 12.
3
Calculate the highest common divisor of 104 and 378560.
104
Calculate the greatest common factor of 483451 and 1267.
181
Calculate the greatest common divisor of 9853 and 21653.
59
Calculate the greatest common factor of 165 and 3707.
11
Calculate the highest common factor of 10075 and 26.
13
Calculate the greatest common factor of 68440 and 1800.
40
Calculate the greatest common divisor of 185 and 27491.
37
Calculate the highest common factor of 1631 and 119.
7
Calculate the highest common factor of 17433 and 745.
149
Calculate the greatest common divisor of 3003 and 5280.
33
What is the greatest common factor of 826686 and 126?
126
Calculate the greatest common factor of 2697088 and 192.
64
What is the greatest common factor of 159 and 1921303?
53
What is the greatest common factor of 3645768 and 21?
21
Calculate the highest common factor of 168 and 207956.
28
What is the greatest common divisor of 79 and 5185244?
79
Calculate the greatest common divisor of 49168 and 112.
112
Calculate the greatest common divisor of 204 and 15045.
51
Calculate the highest common factor of 437 and 2451.
19
Calculate the greatest common factor of 81 and 101547.
27
What is the highest common factor of 44354 and 39058?
662
What is the highest common divisor of 15400 and 39501?
77
What is the highest common divisor of 540 and 36060?
60
What is the highest common divisor of 98 and 7868?
14
What is the highest common factor of 122710 and 266?
14
What is the highest common factor of 18543 and 21?
21
What is the highest common factor of 5298 and 66?
6
Calculate the greatest common divisor of 10 and 37522.
2
What is the highest common factor of 228 and 614004?
228
Calculate the highest common divisor of 1363 and 434797.
1363
Calculate the greatest common divisor of 848753 and 227.
227
Calculate the greatest common divisor of 200 and 15940.
20
Calculate the highest common factor of 192 and 63552.
192
Calculate the highest common factor of 1551 and 1426403.
517
What is the highest common factor of 160 and 4342880?
160
Calculate the greatest common factor of 6441 and 1824.
57
What is the highest common factor of 9943 and 427?
61
Calculate the greatest common divisor of 194294 and 76.
38
Calculate the highest common factor of 386308 and 1173.
391
What is the greatest common factor of 57382 and 78?
26
What is the greatest common divisor of 11282087 and 137?
137
What is the highest common divisor of 23275 and 1919?
19
What is the greatest common divisor of 54 and 19742?
2
Calculate the highest common factor of 137 and 58.
1
What is the greatest common divisor of 12 and 62133?
3
What is the highest common factor of 432 and 7317?
27
What is the highest common divisor of 155 and 6632016?
31
What is the highest common divisor of 39 and 13234?
13
What is the highest common factor of 8607 and 2679?
57
Calculate the highest common divisor of 433 and 1733299.
433
What is the greatest common divisor of 542 and 37?
1
What is the greatest common factor of 152 and 132354?
38
What is the highest common divisor of 181985 and 30?
5
Calculate the highest common factor of 758732 and 468.
52
What is the highest common factor of 12 and 42828?
12
Calculate the highest common divisor of 11440 and 1082510.
1430
What is the greatest common divisor of 13 and 77493?
13
Calculate the greatest common divisor of 1200 and 72.
24
Calculate the highest common factor of 3822284 and 1412.
1412
Calculate the highest common divisor of 6495 and 15.
15
Calculate the highest common divisor of 141500 and 1420.
20
Calculate the highest common factor of 814 and 4532.
22
What is the greatest common factor of 159 and 74147?
53
What is the highest common factor of 44433 and 99?
9
What is the greatest common divisor of 1230537 and 1617?
1617
What is the highest common factor of 160350 and 348494?
2138
What is the highest common factor of 16050 and 64521?
321
What is the highest common factor of 6188 and 65884?
364
What is the highest common factor of 199956 and 6?
6
Calculate the greatest common factor of 300 and 67428.
12
What is the greatest common factor of 4320 and 4606560?
1440
Calculate the greatest common divisor of 180499 and 6039.
671
What is the highest common divisor of 1547 and 6461?
91
Calculate the highest common factor of 109680 and 240.
240
Calculate the highest common divisor of 37989 and 3752.
469
Calculate the greatest common factor of 122728 and 232.
232
What is the highest common factor of 19705 and 5810?
35
Calculate the highest common factor of 974 and 6.
2
Calculate the highest common divisor of 2005 and 35689.
401
What is the greatest common divisor of 990 and 635?
5
What is the greatest common divisor of 119 and 253419?
17
What is the greatest common divisor of 275 and 22462?
11
What is the greatest common divisor of 171001 and 813?
271
Calculate the highest common factor of 270215 and 165.
55
What is the highest common divisor of 4291 and 15325?
613
What is the highest common factor of 10620 and 1170?
90
Calculate the highest common divisor of 134800 and 40.
40
What is the highest common factor of 2257